Dec 01 08:13:04.745 INFO testing mvr/abyme against master#8940af3cea4a9a9deabcaf843b2f8cad9a83fc61 for beta-1.31-5
Dec 01 08:13:04.746 INFO running `"docker" "create" "-v" "/mnt/big/crater/work/local/target-dirs/beta-1.31-5/worker-6/master#8940af3cea4a9a9deabcaf843b2f8cad9a83fc61:/target:rw,Z" "-v" "/mnt/big/crater/work/local/test-source/worker-6/beta-1.31-5/master#8940af3cea4a9a9deabcaf843b2f8cad9a83fc61:/source:ro,Z" "-v" "/mnt/big/crater/work/local/cargo-home:/cargo-home:ro,Z" "-v" "/mnt/big/crater/work/local/rustup-home:/rustup-home:ro,Z" "-e" "USER_ID=1000" "-e" "SOURCE_DIR=/source" "-e" "USER_ID=1000" "-e" "CMD=cargo +8940af3cea4a9a9deabcaf843b2f8cad9a83fc61-alt build --frozen" "-e" "CARGO_TARGET_DIR=/target" "-e" "CARGO_INCREMENTAL=0" "-e" "RUST_BACKTRACE=full" "-e" "RUSTFLAGS=--cap-lints=warn" "-e" "CARGO_HOME=/cargo-home" "-e" "RUSTUP_HOME=/rustup-home" "-m" "1536M" "--network" "none" "crater"`
Dec 01 08:13:05.389 INFO [stdout] 372af4e263a46e04ec54c5a576245806bed8241698a3aeaaf85758334720a392
Dec 01 08:13:05.391 INFO running `"docker" "start" "-a" "372af4e263a46e04ec54c5a576245806bed8241698a3aeaaf85758334720a392"`
Dec 01 08:13:06.780 INFO [stderr] usermod: no changes
Dec 01 08:13:07.031 INFO [stderr]    Compiling gmp-mpfr-sys v1.1.5
Dec 01 08:13:07.031 INFO [stderr]    Compiling rug v1.1.0
Dec 01 08:13:07.031 INFO [stderr]    Compiling libloading v0.5.0
Dec 01 08:13:07.031 INFO [stderr]    Compiling x11-dl v2.17.5
Dec 01 08:13:07.035 INFO [stderr]    Compiling euclid v0.17.2
Dec 01 08:13:07.035 INFO [stderr]    Compiling sid v0.5.0
Dec 01 08:13:07.035 INFO [stderr]    Compiling tempfile v3.0.2
Dec 01 08:13:07.035 INFO [stderr]    Compiling gl_generator v0.9.0
Dec 01 08:13:13.380 INFO [stderr]    Compiling gfx_core v0.8.2
Dec 01 08:13:16.015 INFO [stderr]    Compiling dlib v0.4.1
Dec 01 08:13:17.743 INFO [stderr]    Compiling wayland-sys v0.12.5
Dec 01 08:13:18.671 INFO [stderr]    Compiling lyon_geom v0.10.0
Dec 01 08:13:19.299 INFO [stderr]    Compiling gfx_gl v0.5.0
Dec 01 08:13:19.299 INFO [stderr]    Compiling glutin v0.15.0
Dec 01 08:13:29.311 INFO [stderr]    Compiling lyon_path v0.10.0
Dec 01 08:13:29.331 INFO [stderr]    Compiling wayland-client v0.12.5
Dec 01 08:13:33.815 INFO [stderr]    Compiling lyon_tessellation v0.10.0
Dec 01 08:13:40.967 INFO [stderr]    Compiling wayland-protocols v0.12.5
Dec 01 08:13:40.967 INFO [stderr]    Compiling wayland-kbd v0.13.1
Dec 01 08:13:51.174 INFO [stderr]    Compiling lyon v0.10.0
Dec 01 08:14:03.479 INFO [stderr]    Compiling wayland-window v0.13.3
Dec 01 08:14:05.475 INFO [stderr]    Compiling winit v0.13.1
Dec 01 08:14:35.831 INFO [stderr]    Compiling gfx_device_gl v0.15.2
Dec 01 08:14:35.831 INFO [stderr]    Compiling gfx v0.17.1
Dec 01 08:14:44.877 INFO [stderr]    Compiling gfx_window_glutin v0.23.0
Dec 01 08:18:13.159 INFO [stderr]    Compiling abyme v0.1.0 (/source)
Dec 01 08:18:14.719 INFO [stderr] error[E0554]: #![feature] may not be used on the beta release channel
Dec 01 08:18:14.719 INFO [stderr]  --> src/lib.rs:1:1
Dec 01 08:18:14.719 INFO [stderr]   |
Dec 01 08:18:14.719 INFO [stderr] 1 | #![feature(slice_patterns)]
Dec 01 08:18:14.719 INFO [stderr]   | ^^^^^^^^^^^^^^^^^^^^^^^^^^^
Dec 01 08:18:14.719 INFO [stderr] 
Dec 01 08:18:14.719 INFO [stderr] error[E0554]: #![feature] may not be used on the beta release channel
Dec 01 08:18:14.719 INFO [stderr]  --> src/lib.rs:2:1
Dec 01 08:18:14.719 INFO [stderr]   |
Dec 01 08:18:14.719 INFO [stderr] 2 | #![feature(custom_attribute)]
Dec 01 08:18:14.719 INFO [stderr]   | ^^^^^^^^^^^^^^^^^^^^^^^^^^^^^
Dec 01 08:18:14.719 INFO [stderr] 
Dec 01 08:18:14.719 INFO [stderr] error[E0554]: #![feature] may not be used on the beta release channel
Dec 01 08:18:14.719 INFO [stderr]  --> src/lib.rs:3:1
Dec 01 08:18:14.719 INFO [stderr]   |
Dec 01 08:18:14.719 INFO [stderr] 3 | #![feature(nll)]
Dec 01 08:18:14.719 INFO [stderr]   | ^^^^^^^^^^^^^^^^
Dec 01 08:18:14.719 INFO [stderr] 
Dec 01 08:18:14.719 INFO [stderr] error[E0554]: #![feature] may not be used on the beta release channel
Dec 01 08:18:14.719 INFO [stderr]  --> src/lib.rs:4:1
Dec 01 08:18:14.719 INFO [stderr]   |
Dec 01 08:18:14.719 INFO [stderr] 4 | #![feature(stmt_expr_attributes)]
Dec 01 08:18:14.719 INFO [stderr]   | ^^^^^^^^^^^^^^^^^^^^^^^^^^^^^^^^^
Dec 01 08:18:14.719 INFO [stderr] 
Dec 01 08:18:14.719 INFO [stderr] error: aborting due to 4 previous errors
Dec 01 08:18:14.719 INFO [stderr] 
Dec 01 08:18:14.719 INFO [stderr] For more information about this error, try `rustc --explain E0554`.
Dec 01 08:18:14.739 INFO [stderr] error: Could not compile `abyme`.
Dec 01 08:18:14.739 INFO [stderr] 
Dec 01 08:18:14.739 INFO [stderr] To learn more, run the command again with --verbose.
Dec 01 08:18:14.751 INFO [stderr] su: No module specific data is present
Dec 01 08:18:15.509 INFO running `"docker" "inspect" "372af4e263a46e04ec54c5a576245806bed8241698a3aeaaf85758334720a392"`
Dec 01 08:18:15.917 INFO running `"docker" "rm" "-f" "372af4e263a46e04ec54c5a576245806bed8241698a3aeaaf85758334720a392"`
Dec 01 08:18:16.199 INFO [stdout] 372af4e263a46e04ec54c5a576245806bed8241698a3aeaaf85758334720a392
